{"id":253,"date":"2018-05-22T18:34:38","date_gmt":"2018-05-22T16:34:38","guid":{"rendered":"http:\/\/www.acmu.net\/?page_id=253"},"modified":"2018-06-04T00:19:59","modified_gmt":"2018-06-03T22:19:59","slug":"asociaciones-de-urologia","status":"publish","type":"page","link":"https:\/\/www.acmu.net\/?page_id=253","title":{"rendered":"Asociaciones"},"content":{"rendered":"<ul>\n<li><a href=\"http:\/\/www.aeu.es\/\" target=\"_blank\" rel=\"noopener\">Asociaci\u00f3n Espa\u00f1ola de Urolog\u00eda (AEU)<\/a><\/li>\n<li><a href=\"http:\/\/uroweb.org\/\" target=\"_blank\" rel=\"noopener\">Asociaci\u00f3n Europea de Urolog\u00eda (EUA)<\/a><\/li>\n<li><a href=\"https:\/\/www.auanet.org\/\" target=\"_blank\" rel=\"noopener\">Asociaci\u00f3n Americana de Urolog\u00eda (AUA)<\/a><\/li>\n<li><a href=\"https:\/\/www.cua.org\/en\" target=\"_blank\" rel=\"noopener\">Asociaci\u00f3n Candiense de Urolog\u00eda (CUA)<\/a><\/li>\n<li><a href=\"http:\/\/www.aucex.es\/\" target=\"_blank\" rel=\"noopener\">Asociaci\u00f3n Extreme\u00f1a de Urolog\u00eda (AUCEX)<\/a><\/li>\n<li><a href=\"http:\/\/residentes.aeu.es\/\" target=\"_blank\" rel=\"noopener\">Grupo de residentes y j\u00f3venes Ur\u00f3logos (RAEU)<\/a><\/li>\n<li><a href=\"https:\/\/www.ics.org\/\" target=\"_blank\" rel=\"noopener\">Sociedad Internacional de Continencia (ICS)<\/a><\/li>\n<\/ul>\n","protected":false},"excerpt":{"rendered":"<p>Asociaci\u00f3n Espa\u00f1ola de Urolog\u00eda (AEU) Asociaci\u00f3n Europea de Urolog\u00eda (EUA) Asociaci\u00f3n Americana de Urolog\u00eda (AUA) Asociaci\u00f3n Candiense de Urolog\u00eda (CUA) Asociaci\u00f3n Extreme\u00f1a de Urolog\u00eda (AUCEX) Grupo de residentes y j\u00f3venes Ur\u00f3logos (RAEU) Sociedad Internacional de Continencia (ICS)<\/p>\n","protected":false},"author":1,"featured_media":0,"parent":0,"menu_order":0,"comment_status":"closed","ping_status":"closed","template":"","meta":{"footnotes":""},"class_list":["post-253","page","type-page","status-publish","hentry"],"_links":{"self":[{"href":"https:\/\/www.acmu.net\/index.php?rest_route=\/wp\/v2\/pages\/253","targetHints":{"allow":["GET"]}}],"collection":[{"href":"https:\/\/www.acmu.net\/index.php?rest_route=\/wp\/v2\/pages"}],"about":[{"href":"https:\/\/www.acmu.net\/index.php?rest_route=\/wp\/v2\/types\/page"}],"author":[{"embeddable":true,"href":"https:\/\/www.acmu.net\/index.php?rest_route=\/wp\/v2\/users\/1"}],"replies":[{"embeddable":true,"href":"https:\/\/www.acmu.net\/index.php?rest_route=%2Fwp%2Fv2%2Fcomments&post=253"}],"version-history":[{"count":8,"href":"https:\/\/www.acmu.net\/index.php?rest_route=\/wp\/v2\/pages\/253\/revisions"}],"predecessor-version":[{"id":486,"href":"https:\/\/www.acmu.net\/index.php?rest_route=\/wp\/v2\/pages\/253\/revisions\/486"}],"wp:attachment":[{"href":"https:\/\/www.acmu.net\/index.php?rest_route=%2Fwp%2Fv2%2Fmedia&parent=253"}],"curies":[{"name":"wp","href":"https:\/\/api.w.org\/{rel}","templated":true}]}}