{"id":41,"date":"2018-05-18T19:17:25","date_gmt":"2018-05-18T17:17:25","guid":{"rendered":"http:\/\/www.acmu.net\/?page_id=41"},"modified":"2024-10-05T00:59:32","modified_gmt":"2024-10-04T22:59:32","slug":"actividades","status":"publish","type":"page","link":"https:\/\/www.acmu.net\/?page_id=41","title":{"rendered":"Jornadas"},"content":{"rendered":"<h1>\u00a0<\/h1>\n<h1><strong><span style=\"color: #800000;\">XLVI REUNI\u00d3N ANUAL DE LAS ASOCIACIONES CASTELLANO MANCHEGA Y EXTREME\u00d1AS DE UROLOG\u00cdA\u00a0<\/span><\/strong><\/h1>\n<h2><strong><span style=\"color: #800000;\"><img loading=\"lazy\" decoding=\"async\" class=\"aligncenter size-large wp-image-1215\" src=\"https:\/\/www.acmu.net\/wp-content\/uploads\/2024\/10\/IMG_2868-1024x564.jpeg\" alt=\"\" width=\"677\" height=\"373\" srcset=\"https:\/\/www.acmu.net\/wp-content\/uploads\/2024\/10\/IMG_2868-1024x564.jpeg 1024w, https:\/\/www.acmu.net\/wp-content\/uploads\/2024\/10\/IMG_2868-300x165.jpeg 300w, https:\/\/www.acmu.net\/wp-content\/uploads\/2024\/10\/IMG_2868-768x423.jpeg 768w, https:\/\/www.acmu.net\/wp-content\/uploads\/2024\/10\/IMG_2868.jpeg 1170w\" sizes=\"auto, (max-width: 677px) 100vw, 677px\" \/><\/span><\/strong><\/h2>\n<p>Disponible el <strong><a href=\"https:\/\/cme2024.aeu.es\/programa.aspx\" target=\"_blank\" rel=\"noopener\">programa cient\u00edfico<\/a><\/strong><\/p>\n<p><strong><a href=\"https:\/\/cme2024.aeu.es\/Inscripcion.aspx\" target=\"_blank\" rel=\"noreferrer noopener\">Inscripci\u00f3n y alojamiento\u00a0<\/a><\/strong><\/p>\n<p>Sede: <b>AC Hotel Guadalajara by Marriot<\/b>. Avda. Del Ej\u00e9rcito, 6 -19.004 Guadalajara &#8211; Espa\u00f1a.<\/p>\n<h2><strong><span style=\"color: #800000;\"><br \/>XLV REUNI\u00d3N ANUAL MANCHEGO-EXTREME\u00d1A DE UROLOG\u00cdA<\/span><\/strong><\/h2>\n<p><img loading=\"lazy\" decoding=\"async\" class=\"aligncenter wp-image-1194 size-full\" src=\"https:\/\/www.acmu.net\/wp-content\/uploads\/2023\/09\/poster-1.png\" alt=\"\" width=\"700\" height=\"558\" srcset=\"https:\/\/www.acmu.net\/wp-content\/uploads\/2023\/09\/poster-1.png 700w, https:\/\/www.acmu.net\/wp-content\/uploads\/2023\/09\/poster-1-300x239.png 300w\" sizes=\"auto, (max-width: 700px) 100vw, 700px\" \/><\/p>\n\n\n<p>Cuenca, 20 y 21 de Octubre de 2023\n\nDisponible el <strong><a href=\"https:\/\/cme2023.aeu.es\/programa.aspx\">programa cient\u00edfico<\/a><\/strong><\/p>\n\n\n\n<p>Abierto el plazo de<strong>&nbsp;<a href=\"https:\/\/cme2023.aeu.es\/Resumenes.aspx\" target=\"_blank\" rel=\"noreferrer noopener\">env\u00edo<\/a><\/strong>&nbsp;de res\u00famenes. <strong><em>El plazo finaliza el 11 de Septiembre.<\/em><\/strong><\/p>\n\n\n\n<p><strong><a href=\"https:\/\/cme2023.aeu.es\/Inscripcion.aspx\" target=\"_blank\" rel=\"noreferrer noopener\">Inscripci\u00f3n<\/a>&nbsp;<\/strong>y alojamiento.<\/p>\n\n\n<h3><span style=\"color: #800000;\"><strong>CONSTRUYENDO JUNTOS<br \/>\n<\/strong><\/span><\/h3>\n<blockquote>\n<p>Madrid 20 de enero de2023<\/p>\n<\/blockquote>\n<p><strong style=\"font-size: 15px;\"><a href=\"https:\/\/www.acmu.net\/wp-content\/uploads\/2022\/11\/PROGRAMA-20-ENERO-ACMU.pdf\" target=\"_blank\" rel=\"noopener\">Descargar Programa<\/a><\/strong><\/p>\n<p><a href=\"https:\/\/www.acmu.net\/wp-content\/uploads\/2022\/11\/PROGRAMA-20-ENERO-ACMU.pdf\"><img loading=\"lazy\" decoding=\"async\" class=\"aligncenter wp-image-1114 size-full\" src=\"https:\/\/www.acmu.net\/wp-content\/uploads\/2022\/11\/Captura-de-pantalla-2022-11-19-a-las-9.09.10-1.png\" alt=\"\" width=\"472\" height=\"808\" srcset=\"https:\/\/www.acmu.net\/wp-content\/uploads\/2022\/11\/Captura-de-pantalla-2022-11-19-a-las-9.09.10-1.png 472w, https:\/\/www.acmu.net\/wp-content\/uploads\/2022\/11\/Captura-de-pantalla-2022-11-19-a-las-9.09.10-1-175x300.png 175w\" sizes=\"auto, (max-width: 472px) 100vw, 472px\" \/><\/a><\/p>\n<h3><span style=\"color: #800000;\"><strong>XI REUNI\u00d3N DE RESIDENTES DE UROLOG\u00cdA DE CASTILLA LA MANCHA<\/strong><\/span><\/h3>\n<p>Guadalajara 24 y 25 de Noviembre de 2022<\/p>\n<p><strong><a href=\"https:\/\/www.acmu.net\/wp-content\/uploads\/2022\/11\/XI-Reunion-de-residentes-de-CLM-1.pdf\" target=\"_blank\" rel=\"noopener\">Descargar Programa<\/a><\/strong><\/p>\n<p><a href=\"https:\/\/www.acmu.net\/wp-content\/uploads\/2022\/11\/XI-Reunion-de-residentes-de-CLM-1.pdf\"><img loading=\"lazy\" decoding=\"async\" class=\"aligncenter wp-image-1119 size-full\" src=\"https:\/\/www.acmu.net\/wp-content\/uploads\/2022\/11\/Captura-de-pantalla-2022-11-19-a-las-8.59.38-1.png\" alt=\"\" width=\"533\" height=\"744\" srcset=\"https:\/\/www.acmu.net\/wp-content\/uploads\/2022\/11\/Captura-de-pantalla-2022-11-19-a-las-8.59.38-1.png 533w, https:\/\/www.acmu.net\/wp-content\/uploads\/2022\/11\/Captura-de-pantalla-2022-11-19-a-las-8.59.38-1-215x300.png 215w\" sizes=\"auto, (max-width: 533px) 100vw, 533px\" \/><\/a> <a href=\"https:\/\/www.acmu.net\/wp-content\/uploads\/2022\/11\/XI-Reunion-de-residentes-de-CLM-1.pdf\"><img loading=\"lazy\" decoding=\"async\" class=\"aligncenter wp-image-1120 size-full\" src=\"https:\/\/www.acmu.net\/wp-content\/uploads\/2022\/11\/Captura-de-pantalla-2022-11-19-a-las-8.59.47-1.png\" alt=\"\" width=\"536\" height=\"728\" srcset=\"https:\/\/www.acmu.net\/wp-content\/uploads\/2022\/11\/Captura-de-pantalla-2022-11-19-a-las-8.59.47-1.png 536w, https:\/\/www.acmu.net\/wp-content\/uploads\/2022\/11\/Captura-de-pantalla-2022-11-19-a-las-8.59.47-1-221x300.png 221w\" sizes=\"auto, (max-width: 536px) 100vw, 536px\" \/><\/a><\/p>\n<h3><span style=\"color: #800000;\"><strong>XLIV REUNI\u00d3N ANUAL MANCHEGO-EXTREME\u00d1A DE UROLOG\u00cdA<\/strong><\/span><\/h3>\n<p><a href=\"https:\/\/cme2022.aeu.es\/programa.aspx\"><span style=\"color: #000000;\"><strong><img loading=\"lazy\" decoding=\"async\" class=\"alignleft wp-image-1047 size-large\" src=\"https:\/\/www.acmu.net\/wp-content\/uploads\/2022\/09\/8F180E1C-C04C-4619-8584-2065A9CC31F1-1024x791.jpeg\" alt=\"\" width=\"677\" height=\"523\" srcset=\"https:\/\/www.acmu.net\/wp-content\/uploads\/2022\/09\/8F180E1C-C04C-4619-8584-2065A9CC31F1-1024x791.jpeg 1024w, https:\/\/www.acmu.net\/wp-content\/uploads\/2022\/09\/8F180E1C-C04C-4619-8584-2065A9CC31F1-300x232.jpeg 300w, https:\/\/www.acmu.net\/wp-content\/uploads\/2022\/09\/8F180E1C-C04C-4619-8584-2065A9CC31F1-768x593.jpeg 768w, https:\/\/www.acmu.net\/wp-content\/uploads\/2022\/09\/8F180E1C-C04C-4619-8584-2065A9CC31F1.jpeg 1077w\" sizes=\"auto, (max-width: 677px) 100vw, 677px\" \/><br \/>\n<\/strong><\/span><\/a><\/p>\n<h3>Badajoz, 21 y 22 de octubre de 2022<br \/>\nPublicado el <a href=\"https:\/\/cme2022.aeu.es\/programa.aspx\" target=\"_blank\" rel=\"noreferrer noopener\">programa<\/a> del evento<br \/>\nAbierto el plazo de <a href=\"https:\/\/cme2022.aeu.es\/Resumenes.aspx\" target=\"_blank\" rel=\"noreferrer noopener\">env\u00edo<\/a> de res\u00famenes. El plazo finaliza el 19 de Septiembre.<br \/>\n<a href=\"https:\/\/cme2022.aeu.es\/Inscripcion.aspx\" target=\"_blank\" rel=\"noreferrer noopener\">Inscripci\u00f3n<\/a> y alojamiento<\/h3>\n<h3><span style=\"color: #800000;\"><strong>REUNI\u00d3N DE RESIDENTES DE UROLOG\u00cdA<\/strong><\/span><\/h3>\n<p><img loading=\"lazy\" decoding=\"async\" class=\"size-medium wp-image-735\" src=\"https:\/\/www.acmu.net\/wp-content\/uploads\/2019\/11\/img_0217.jpg\" width=\"1965\" height=\"1381\" srcset=\"https:\/\/www.acmu.net\/wp-content\/uploads\/2019\/11\/img_0217.jpg 1965w, https:\/\/www.acmu.net\/wp-content\/uploads\/2019\/11\/img_0217-300x211.jpg 300w, https:\/\/www.acmu.net\/wp-content\/uploads\/2019\/11\/img_0217-768x540.jpg 768w, https:\/\/www.acmu.net\/wp-content\/uploads\/2019\/11\/img_0217-1024x720.jpg 1024w\" sizes=\"auto, (max-width: 1965px) 100vw, 1965px\" \/><\/p>\n<p><a href=\"https:\/\/www.aeu.es\/reuniones\/Rclm19.pdf\/\" target=\"_blank\" rel=\"noopener noreferrer\">P<\/a><a href=\"https:\/\/www.acmu.net\/docs\/Rclm19.pdf\">rograma<\/a><\/p>\n<h3><span style=\"color: #800000;\"><strong>CONGRESO NACIONAL DE UROLOG\u00cdA<\/strong><\/span><\/h3>\n<p><img loading=\"lazy\" decoding=\"async\" class=\"alignleft wp-image-600\" src=\"https:\/\/www.acmu.net\/wp-content\/uploads\/2019\/02\/Nacional19-300x244.png\" alt=\"\" width=\"150\" height=\"122\" srcset=\"https:\/\/www.acmu.net\/wp-content\/uploads\/2019\/02\/Nacional19-300x244.png 300w, https:\/\/www.acmu.net\/wp-content\/uploads\/2019\/02\/Nacional19-768x625.png 768w, https:\/\/www.acmu.net\/wp-content\/uploads\/2019\/02\/Nacional19.png 927w\" sizes=\"auto, (max-width: 150px) 100vw, 150px\" \/>LXXXI Congreso nacional de Urolog\u00eda<\/p>\n<p><a href=\"https:\/\/www.aeu.es\/reuniones\/gupe2019\/\">P<\/a><a href=\"http:\/\/www.aeu.es\/aeu_webs\/aeu2019\/programa.aspx\">rograma<\/a><\/p>\n<h3 style=\"text-align: justify;\"><span style=\"color: #800000;\"><strong>REUNI\u00d3N NACIONAL DEL GRUPO DE UROLOG\u00cdA ONCOL\u00d3GICA<\/strong><\/span><\/h3>\n<p><img loading=\"lazy\" decoding=\"async\" class=\"alignleft size-thumbnail wp-image-602\" src=\"https:\/\/www.acmu.net\/wp-content\/uploads\/2019\/02\/GUO-150x150.png\" alt=\"\" width=\"150\" height=\"150\" \/>XXXIV Reuni\u00f3n Nacional del Grupo de Urolog\u00eda Oncol\u00f3gica<\/p>\n<p>Madrid, 4 y 5 de abril de 2019<\/p>\n<p><a href=\"https:\/\/www.aeu.es\/reuniones\/guo2019\/programa.aspx\">Programa<\/a><\/p>\n<p><a href=\"https:\/\/www.aeu.es\/reuniones\/guo2019\/programa.aspx\">\u00ad<\/a><\/p>\n<h3 style=\"text-align: justify;\"><span style=\"color: #800000;\"><strong>REUNI\u00d3N NACIONAL DEL GRUPO DE UROLOG\u00cdA FUNCIONAL, FEMENINA Y URODIN\u00c1MICA<\/strong><\/span><\/h3>\n<p><img loading=\"lazy\" decoding=\"async\" class=\"alignleft size-thumbnail wp-image-603\" src=\"https:\/\/www.acmu.net\/wp-content\/uploads\/2019\/02\/Funcional-150x150.png\" alt=\"\" width=\"150\" height=\"150\" \/><\/p>\n<p>XXV Reuni\u00f3n nacional del Grupo de Urolog\u00eda Funcional, Femenina y Urodin\u00e1mica<\/p>\n<p>Burgos, 9 y 10 de mayo de 2019<\/p>\n<p><a href=\"https:\/\/www.aeu.es\/reuniones\/guo2019\/programa.aspx\">Programa<\/a><\/p>\n<h3><\/h3>\n<p><span style=\"color: #800000;\"><strong style=\"font-size: 1.4em; text-align: justify;\">REUNI\u00d3N ANUAL MANCHEGO EXTREME\u00d1A<\/strong><\/span><\/p>\n<p style=\"text-align: left;\"><img loading=\"lazy\" decoding=\"async\" class=\"alignleft size-medium wp-image-617\" src=\"https:\/\/www.acmu.net\/wp-content\/uploads\/2019\/03\/CME2019-155x300.png\" alt=\"\" width=\"155\" height=\"300\" srcset=\"https:\/\/www.acmu.net\/wp-content\/uploads\/2019\/03\/CME2019-155x300.png 155w, https:\/\/www.acmu.net\/wp-content\/uploads\/2019\/03\/CME2019-530x1024.png 530w, https:\/\/www.acmu.net\/wp-content\/uploads\/2019\/03\/CME2019.png 621w\" sizes=\"auto, (max-width: 155px) 100vw, 155px\" \/>XLI Reuni\u00f3n Asociaci\u00f3n Castellano-Manchega y Extreme\u00f1a<\/p>\n<p style=\"text-align: left;\"><a href=\"https:\/\/cme2019.aeu.es\/programa.aspx\">Programa<\/a><\/p>\n<p><strong>\u00a0<\/strong><\/p>","protected":false},"excerpt":{"rendered":"<p>\u00a0 XLVI REUNI\u00d3N ANUAL DE LAS ASOCIACIONES CASTELLANO MANCHEGA Y EXTREME\u00d1AS DE UROLOG\u00cdA\u00a0 Disponible el programa cient\u00edfico Inscripci\u00f3n y alojamiento\u00a0 Sede: AC Hotel Guadalajara by Marriot. Avda. Del Ej\u00e9rcito, 6 -19.004 Guadalajara &#8211; Espa\u00f1a. XLV REUNI\u00d3N ANUAL MANCHEGO-EXTREME\u00d1A DE UROLOG\u00cdA Cuenca, 20 y 21 de Octubre de 2023 Disponible el programa cient\u00edfico Abierto el plazo de&nbsp;env\u00edo&nbsp;de res\u00famenes. El plazo finaliza el 11 de Septiembre. Inscripci\u00f3n&nbsp;y alojamiento. CONSTRUYENDO JUNTOS Madrid 20&hellip; <\/p>\n","protected":false},"author":1,"featured_media":600,"parent":0,"menu_order":0,"comment_status":"closed","ping_status":"closed","template":"","meta":{"footnotes":""},"class_list":["post-41","page","type-page","status-publish","has-post-thumbnail","hentry"],"_links":{"self":[{"href":"https:\/\/www.acmu.net\/index.php?rest_route=\/wp\/v2\/pages\/41","targetHints":{"allow":["GET"]}}],"collection":[{"href":"https:\/\/www.acmu.net\/index.php?rest_route=\/wp\/v2\/pages"}],"about":[{"href":"https:\/\/www.acmu.net\/index.php?rest_route=\/wp\/v2\/types\/page"}],"author":[{"embeddable":true,"href":"https:\/\/www.acmu.net\/index.php?rest_route=\/wp\/v2\/users\/1"}],"replies":[{"embeddable":true,"href":"https:\/\/www.acmu.net\/index.php?rest_route=%2Fwp%2Fv2%2Fcomments&post=41"}],"version-history":[{"count":52,"href":"https:\/\/www.acmu.net\/index.php?rest_route=\/wp\/v2\/pages\/41\/revisions"}],"predecessor-version":[{"id":1218,"href":"https:\/\/www.acmu.net\/index.php?rest_route=\/wp\/v2\/pages\/41\/revisions\/1218"}],"wp:featuredmedia":[{"embeddable":true,"href":"https:\/\/www.acmu.net\/index.php?rest_route=\/wp\/v2\/media\/600"}],"wp:attachment":[{"href":"https:\/\/www.acmu.net\/index.php?rest_route=%2Fwp%2Fv2%2Fmedia&parent=41"}],"curies":[{"name":"wp","href":"https:\/\/api.w.org\/{rel}","templated":true}]}}